{"id":27,"date":"2024-07-06T23:15:42","date_gmt":"2024-07-06T21:15:42","guid":{"rendered":"https:\/\/www.theolacombe-son.fr\/?page_id=27"},"modified":"2024-07-07T00:04:01","modified_gmt":"2024-07-06T22:04:01","slug":"prendre-contact","status":"publish","type":"page","link":"https:\/\/www.theolacombe-son.fr\/index.php\/prendre-contact\/","title":{"rendered":"Contactez-moi"},"content":{"rendered":"<div class=\"fusion-fullwidth fullwidth-box fusion-builder-row-1 fusion-flex-container has-pattern-background has-mask-background nonhundred-percent-fullwidth non-hundred-percent-height-scrolling\" style=\"--awb-border-radius-top-left:0px;--awb-border-radius-top-right:0px;--awb-border-radius-bottom-right:0px;--awb-border-radius-bottom-left:0px;--awb-flex-wrap:wrap;\" ><div class=\"fusion-builder-row fusion-row fusion-flex-align-items-flex-start fusion-flex-content-wrap\" style=\"max-width:1248px;margin-left: calc(-4% \/ 2 );margin-right: calc(-4% \/ 2 );\"><div class=\"fusion-layout-column fusion_builder_column fusion-builder-column-0 fusion_builder_column_1_1 1_1 fusion-flex-column\" style=\"--awb-bg-size:cover;--awb-width-large:100%;--awb-margin-top-large:0px;--awb-spacing-right-large:1.92%;--awb-margin-bottom-large:20px;--awb-spacing-left-large:1.92%;--awb-width-medium:100%;--awb-order-medium:0;--awb-spacing-right-medium:1.92%;--awb-spacing-left-medium:1.92%;--awb-width-small:100%;--awb-order-small:0;--awb-spacing-right-small:1.92%;--awb-spacing-left-small:1.92%;\"><div class=\"fusion-column-wrapper fusion-column-has-shadow fusion-flex-justify-content-flex-start fusion-content-layout-column\"><div class=\"fusion-title title fusion-title-1 fusion-sep-none fusion-title-center fusion-title-text fusion-title-size-four\"><h4 class=\"fusion-title-heading title-heading-center\" style=\"margin:0;\"><span style=\"text-decoration: underline;\">Formulaire de contact<\/span><\/h4><\/div><div class=\"fusion-form fusion-form-builder fusion-form-form-wrapper fusion-form-45\" style=\"--awb-tooltip-text-color:#ffffff;--awb-tooltip-background-color:#333333;\" data-form-id=\"45\" data-config=\"{&quot;form_id&quot;:&quot;45&quot;,&quot;form_post_id&quot;:&quot;45&quot;,&quot;post_id&quot;:27,&quot;form_type&quot;:&quot;ajax&quot;,&quot;confirmation_type&quot;:&quot;message&quot;,&quot;redirect_url&quot;:&quot;&quot;,&quot;field_labels&quot;:{&quot;prenom_nom&quot;:&quot;Pr\\u00e9nom Nom&quot;,&quot;email&quot;:&quot;Email&quot;,&quot;n\\u00b0_de_telephone&quot;:&quot;N\\u00b0 de T\\u00e9l\\u00e9phone&quot;,&quot;type_de_projets_&quot;:&quot;Type de projets ?&quot;,&quot;votre_message&quot;:&quot;Votre message&quot;},&quot;field_logics&quot;:{&quot;prenom_nom&quot;:&quot;&quot;,&quot;email&quot;:&quot;&quot;,&quot;n\\u00b0_de_telephone&quot;:&quot;&quot;,&quot;type_de_projets_&quot;:&quot;&quot;,&quot;votre_message&quot;:&quot;&quot;,&quot;notice_1&quot;:&quot;&quot;},&quot;field_types&quot;:{&quot;prenom_nom&quot;:&quot;textarea&quot;,&quot;email&quot;:&quot;email&quot;,&quot;n\\u00b0_de_telephone&quot;:&quot;phone_number&quot;,&quot;type_de_projets_&quot;:&quot;select&quot;,&quot;votre_message&quot;:&quot;textarea&quot;,&quot;submit_1&quot;:&quot;submit&quot;,&quot;notice_1&quot;:&quot;notice&quot;},&quot;nonce_method&quot;:&quot;ajax&quot;}\"><form action=\"https:\/\/www.theolacombe-son.fr\/index.php\/prendre-contact\/\" method=\"post\" class=\"fusion-form fusion-form-45\"><div class=\"fusion-fullwidth fullwidth-box fusion-builder-row-1-1 fusion-flex-container has-pattern-background has-mask-background nonhundred-percent-fullwidth non-hundred-percent-height-scrolling\" style=\"--awb-border-radius-top-left:0px;--awb-border-radius-top-right:0px;--awb-border-radius-bottom-right:0px;--awb-border-radius-bottom-left:0px;--awb-flex-wrap:wrap;\" ><div class=\"fusion-builder-row fusion-row fusion-flex-align-items-flex-start fusion-flex-content-wrap\" style=\"width:104% !important;max-width:104% !important;margin-left: calc(-4% \/ 2 );margin-right: calc(-4% \/ 2 );\"><div class=\"fusion-layout-column fusion_builder_column fusion-builder-column-1 fusion_builder_column_1_1 1_1 fusion-flex-column\" style=\"--awb-bg-size:cover;--awb-width-large:100%;--awb-margin-top-large:0px;--awb-spacing-right-large:1.92%;--awb-margin-bottom-large:20px;--awb-spacing-left-large:1.92%;--awb-width-medium:100%;--awb-order-medium:0;--awb-spacing-right-medium:1.92%;--awb-spacing-left-medium:1.92%;--awb-width-small:100%;--awb-order-small:0;--awb-spacing-right-small:1.92%;--awb-spacing-left-small:1.92%;\"><div class=\"fusion-column-wrapper fusion-column-has-shadow fusion-flex-justify-content-flex-start fusion-content-layout-column\"><div class=\"fusion-form-field fusion-form-textarea-field fusion-form-label-above\" style=\"\" data-form-id=\"45\"><label for=\"prenom_nom\">Pr\u00e9nom Nom <abbr class=\"fusion-form-element-required\" title=\"required\">*<\/abbr><\/label><textarea cols=\"40\"  minlength=\"0\"  rows=\"2\" tabindex=\"\" id=\"prenom_nom\" name=\"prenom_nom\" class=\"fusion-form-input\" required=\"true\" aria-required=\"true\" data-holds-private-data=\"false\"><\/textarea><\/div><div class=\"fusion-form-field fusion-form-email-field fusion-form-label-above\" style=\"\" data-form-id=\"45\"><div class=\"fusion-form-label-wrapper\"><label for=\"email\">Email <abbr class=\"fusion-form-element-required\" title=\"required\">*<\/abbr><\/label><\/div><div class=\"fusion-form-input-with-icon\"><i class=\"awb-form-icon fa-at fas\"><\/i><input type=\"email\" name=\"email\" id=\"email\" value=\"\"  class=\"fusion-form-input\" required=\"true\" aria-required=\"true\" data-holds-private-data=\"false\"\/><\/div><\/div><div class=\"fusion-form-field fusion-form-phone-number-field fusion-form-label-above\" style=\"\" data-form-id=\"45\"><div class=\"fusion-form-label-wrapper\"><label for=\"n\u00b0_de_telephone\">N\u00b0 de T\u00e9l\u00e9phone <abbr class=\"fusion-form-element-required\" title=\"required\">*<\/abbr><\/label><\/div><div class=\"fusion-form-input-with-icon\"><i class=\"awb-form-icon fa-phone-square-alt fas\"><\/i><input type=\"tel\" name=\"n\u00b0_de_telephone\" id=\"n\u00b0_de_telephone\" value=\"\"  class=\"fusion-form-input\" required=\"true\" aria-required=\"true\" data-holds-private-data=\"false\"\/><\/div><\/div><div class=\"fusion-form-field fusion-form-select-field fusion-form-label-above\" style=\"\" data-form-id=\"45\"><label for=\"type_de_projets_\">Type de projets ? <abbr class=\"fusion-form-element-required\" title=\"required\">*<\/abbr><\/label><div class=\"fusion-form-input-with-icon\"><i class=\" fa-award fas\"><\/i><div class=\"fusion-select-wrapper\"><select tabindex=\"\" id=\"type_de_projets_\" name=\"type_de_projets_\" class=\"fusion-form-input\" required=\"true\" aria-required=\"true\" data-holds-private-data=\"false\"><option value=\"Tournage Audiovisuel\" >Tournage Audiovisuel<\/option><option value=\"Mixage Son\"  selected >Mixage Son<\/option><option value=\"Autres\" >Autres<\/option><\/select><div class=\"select-arrow\"><svg width=\"12\" height=\"8\" viewBox=\"0 0 12 8\" fill=\"none\" xmlns=\"http:\/\/www.w3.org\/2000\/svg\"> <path d=\"M1.5 1.75L6 6.25L10.5 1.75\" stroke=\"#6D6D6D\" stroke-width=\"2\" stroke-linecap=\"round\" stroke-linejoin=\"round\"\/> <\/svg><\/div><\/div><\/div><\/div><div class=\"fusion-form-field fusion-form-textarea-field fusion-form-label-above\" style=\"\" data-form-id=\"45\"><label for=\"votre_message\">Votre message <abbr class=\"fusion-form-element-required\" title=\"required\">*<\/abbr><\/label><div class=\"fusion-form-input-with-icon\"><i class=\" fa-book-open fas\"><\/i><textarea cols=\"40\"  minlength=\"0\"  rows=\"2\" tabindex=\"\" id=\"votre_message\" name=\"votre_message\" class=\"fusion-form-input\" required=\"true\" aria-required=\"true\" placeholder=\"Saissisez votre message ici, apr\u00e8s r\u00e9ception de votre message. Vous serez recontact\u00e9 par mail ou t\u00e9l\u00e9phone directement. Merci !*\" data-holds-private-data=\"false\"><\/textarea><\/div><\/div><div class=\"fusion-form-field fusion-form-submit-field fusion-form-label-above\" style=\"\" data-form-id=\"45\"><div ><button type=\"submit\" class=\"fusion-button button-3d fusion-button-default-size button-custom fusion-button-default button-1 fusion-button-default-span fusion-animated form-form-submit button-default fusion-has-button-gradient\" style=\"--button_accent_color:var(--awb-color1);--button_accent_hover_color:var(--awb-color1);--button_border_hover_color:var(--awb-color1);--button_gradient_top_color:#bababa;--button_gradient_bottom_color:#5989cc;--button_gradient_top_color_hover:hsla(var(--awb-color5-h),calc(var(--awb-color5-s) - 5%),calc(var(--awb-color5-l) - 10%),var(--awb-color5-a));--button_gradient_bottom_color_hover:hsla(var(--awb-color5-h),calc(var(--awb-color5-s) - 5%),calc(var(--awb-color5-l) - 10%),var(--awb-color5-a));--button_text_transform:uppercase;\" data-animationType=\"bounceInLeft\" data-animationDuration=\"1.1\" data-animationOffset=\"top-into-view\" data-hover=\"icon_rotate\" data-form-number=\"45\" tabindex=\"\"><i class=\"fa-paper-plane fas button-icon-left\" aria-hidden=\"true\"><\/i><span class=\"fusion-button-text\">Envoyez votre demande de contact !<\/span><\/button><\/div><\/div><div class=\"form-submission-notices data-notice_1\" id=\"fusion-notices-1\"><div class=\"fusion-alert alert success alert-success fusion-alert-center fusion-form-response fusion-form-response-success awb-alert-native-link-color alert-dismissable awb-alert-close-boxed\" role=\"alert\"><div class=\"fusion-alert-content-wrapper\"><span class=\"alert-icon\"><i class=\"awb-icon-check-circle\" aria-hidden=\"true\"><\/i><\/span><span class=\"fusion-alert-content\">Merci pour votre message. Il vient d'\u00eatre envoy\u00e9<\/span><\/div><button type=\"button\" class=\"close toggle-alert\" data-dismiss=\"alert\" aria-label=\"Close\">&times;<\/button><\/div><div class=\"fusion-alert alert error alert-danger fusion-alert-center fusion-form-response fusion-form-response-error awb-alert-native-link-color alert-dismissable awb-alert-close-boxed\" role=\"alert\"><div class=\"fusion-alert-content-wrapper\"><span class=\"alert-icon\"><i class=\"awb-icon-exclamation-triangle\" aria-hidden=\"true\"><\/i><\/span><span class=\"fusion-alert-content\">Oups... Une erreur est survenue. Merci de re-essayer !<\/span><\/div><button type=\"button\" class=\"close toggle-alert\" data-dismiss=\"alert\" aria-label=\"Close\">&times;<\/button><\/div><\/div><\/div><\/div><\/div><\/div><\/form><\/div><\/div><\/div><\/div><\/div>\n","protected":false},"excerpt":{"rendered":"","protected":false},"author":1,"featured_media":0,"parent":0,"menu_order":0,"comment_status":"closed","ping_status":"closed","template":"100-width.php","meta":{"footnotes":""},"class_list":["post-27","page","type-page","status-publish","hentry"],"yoast_head":"<!-- This site is optimized with the Yoast SEO plugin v26.7 - https:\/\/yoast.com\/wordpress\/plugins\/seo\/ -->\n<title>Contactez-moi - Th\u00e9o Lacombe - Op\u00e9rateur Son<\/title>\n<meta name=\"robots\" content=\"index, follow, max-snippet:-1, max-image-preview:large, max-video-preview:-1\" \/>\n<link rel=\"canonical\" href=\"https:\/\/www.theolacombe-son.fr\/index.php\/prendre-contact\/\" \/>\n<meta property=\"og:locale\" content=\"fr_FR\" \/>\n<meta property=\"og:type\" content=\"article\" \/>\n<meta property=\"og:title\" content=\"Contactez-moi - Th\u00e9o Lacombe - Op\u00e9rateur Son\" \/>\n<meta property=\"og:url\" content=\"https:\/\/www.theolacombe-son.fr\/index.php\/prendre-contact\/\" \/>\n<meta property=\"og:site_name\" content=\"Th\u00e9o Lacombe - Op\u00e9rateur Son\" \/>\n<meta property=\"article:modified_time\" content=\"2024-07-06T22:04:01+00:00\" \/>\n<meta name=\"twitter:card\" content=\"summary_large_image\" \/>\n<script type=\"application\/ld+json\" class=\"yoast-schema-graph\">{\"@context\":\"https:\/\/schema.org\",\"@graph\":[{\"@type\":\"WebPage\",\"@id\":\"https:\/\/www.theolacombe-son.fr\/index.php\/prendre-contact\/\",\"url\":\"https:\/\/www.theolacombe-son.fr\/index.php\/prendre-contact\/\",\"name\":\"Contactez-moi - Th\u00e9o Lacombe - Op\u00e9rateur Son\",\"isPartOf\":{\"@id\":\"https:\/\/www.theolacombe-son.fr\/#website\"},\"datePublished\":\"2024-07-06T21:15:42+00:00\",\"dateModified\":\"2024-07-06T22:04:01+00:00\",\"breadcrumb\":{\"@id\":\"https:\/\/www.theolacombe-son.fr\/index.php\/prendre-contact\/#breadcrumb\"},\"inLanguage\":\"fr-FR\",\"potentialAction\":[{\"@type\":\"ReadAction\",\"target\":[\"https:\/\/www.theolacombe-son.fr\/index.php\/prendre-contact\/\"]}]},{\"@type\":\"BreadcrumbList\",\"@id\":\"https:\/\/www.theolacombe-son.fr\/index.php\/prendre-contact\/#breadcrumb\",\"itemListElement\":[{\"@type\":\"ListItem\",\"position\":1,\"name\":\"Accueil\",\"item\":\"https:\/\/www.theolacombe-son.fr\/\"},{\"@type\":\"ListItem\",\"position\":2,\"name\":\"Contactez-moi\"}]},{\"@type\":\"WebSite\",\"@id\":\"https:\/\/www.theolacombe-son.fr\/#website\",\"url\":\"https:\/\/www.theolacombe-son.fr\/\",\"name\":\"Th\u00e9o Lacombe - Op\u00e9rateur Son\",\"description\":\"Op\u00e9rateur Son\",\"potentialAction\":[{\"@type\":\"SearchAction\",\"target\":{\"@type\":\"EntryPoint\",\"urlTemplate\":\"https:\/\/www.theolacombe-son.fr\/?s={search_term_string}\"},\"query-input\":{\"@type\":\"PropertyValueSpecification\",\"valueRequired\":true,\"valueName\":\"search_term_string\"}}],\"inLanguage\":\"fr-FR\"}]}<\/script>\n<!-- \/ Yoast SEO plugin. -->","yoast_head_json":{"title":"Contactez-moi - Th\u00e9o Lacombe - Op\u00e9rateur Son","robots":{"index":"index","follow":"follow","max-snippet":"max-snippet:-1","max-image-preview":"max-image-preview:large","max-video-preview":"max-video-preview:-1"},"canonical":"https:\/\/www.theolacombe-son.fr\/index.php\/prendre-contact\/","og_locale":"fr_FR","og_type":"article","og_title":"Contactez-moi - Th\u00e9o Lacombe - Op\u00e9rateur Son","og_url":"https:\/\/www.theolacombe-son.fr\/index.php\/prendre-contact\/","og_site_name":"Th\u00e9o Lacombe - Op\u00e9rateur Son","article_modified_time":"2024-07-06T22:04:01+00:00","twitter_card":"summary_large_image","schema":{"@context":"https:\/\/schema.org","@graph":[{"@type":"WebPage","@id":"https:\/\/www.theolacombe-son.fr\/index.php\/prendre-contact\/","url":"https:\/\/www.theolacombe-son.fr\/index.php\/prendre-contact\/","name":"Contactez-moi - Th\u00e9o Lacombe - Op\u00e9rateur Son","isPartOf":{"@id":"https:\/\/www.theolacombe-son.fr\/#website"},"datePublished":"2024-07-06T21:15:42+00:00","dateModified":"2024-07-06T22:04:01+00:00","breadcrumb":{"@id":"https:\/\/www.theolacombe-son.fr\/index.php\/prendre-contact\/#breadcrumb"},"inLanguage":"fr-FR","potentialAction":[{"@type":"ReadAction","target":["https:\/\/www.theolacombe-son.fr\/index.php\/prendre-contact\/"]}]},{"@type":"BreadcrumbList","@id":"https:\/\/www.theolacombe-son.fr\/index.php\/prendre-contact\/#breadcrumb","itemListElement":[{"@type":"ListItem","position":1,"name":"Accueil","item":"https:\/\/www.theolacombe-son.fr\/"},{"@type":"ListItem","position":2,"name":"Contactez-moi"}]},{"@type":"WebSite","@id":"https:\/\/www.theolacombe-son.fr\/#website","url":"https:\/\/www.theolacombe-son.fr\/","name":"Th\u00e9o Lacombe - Op\u00e9rateur Son","description":"Op\u00e9rateur Son","potentialAction":[{"@type":"SearchAction","target":{"@type":"EntryPoint","urlTemplate":"https:\/\/www.theolacombe-son.fr\/?s={search_term_string}"},"query-input":{"@type":"PropertyValueSpecification","valueRequired":true,"valueName":"search_term_string"}}],"inLanguage":"fr-FR"}]}},"_links":{"self":[{"href":"https:\/\/www.theolacombe-son.fr\/index.php\/wp-json\/wp\/v2\/pages\/27","targetHints":{"allow":["GET"]}}],"collection":[{"href":"https:\/\/www.theolacombe-son.fr\/index.php\/wp-json\/wp\/v2\/pages"}],"about":[{"href":"https:\/\/www.theolacombe-son.fr\/index.php\/wp-json\/wp\/v2\/types\/page"}],"author":[{"embeddable":true,"href":"https:\/\/www.theolacombe-son.fr\/index.php\/wp-json\/wp\/v2\/users\/1"}],"replies":[{"embeddable":true,"href":"https:\/\/www.theolacombe-son.fr\/index.php\/wp-json\/wp\/v2\/comments?post=27"}],"version-history":[{"count":4,"href":"https:\/\/www.theolacombe-son.fr\/index.php\/wp-json\/wp\/v2\/pages\/27\/revisions"}],"predecessor-version":[{"id":46,"href":"https:\/\/www.theolacombe-son.fr\/index.php\/wp-json\/wp\/v2\/pages\/27\/revisions\/46"}],"wp:attachment":[{"href":"https:\/\/www.theolacombe-son.fr\/index.php\/wp-json\/wp\/v2\/media?parent=27"}],"curies":[{"name":"wp","href":"https:\/\/api.w.org\/{rel}","templated":true}]}}